(1 - 3). Calculate the remainder when 84 is divided by (4 + -7)/(-3)*d + 18.
18
Let p = 2077 + -2087. Let r(s) = s - 7*s + 0 - 9. Calculate the remainder when r(p) is divided by 9.
6
Let x(q) = -q**3 + q - 24. Let y be x(0). Let c = -20 - y. Suppose 51 + 169 = c*z. Calculate the remainder when z is divided by 19.
17
Suppose -2*u - 3*g = u + 42, 3*u + 5*g = -50. Let y(h) = -3*h - 10. Let r be y(u). Calculate the remainder when 58 is divided by r - 1 - 2 - 2.
13
Suppose 0 = -5*i + 4*i + 485. Suppose -j = k - 9, 0*k - 4*k = -3*j - 8. Suppose i = -0*p + k*p. What is the remainder when p is divided by 25?
22
Let n be -4*(-4)/6*(-63)/(-24). Let f(a) = -a**3 + 5*a**2 + 18*a - 14. Calculate the remainder when 40 is divided by f(n).
12
Suppose -95 = 11*k - 16*k. Calculate the remainder when k is divided by 6.
1
Let j(i) = i**3 + 3*i**2 + 2*i + 1. Let l be j(-3). Let n = l + 9. Calculate the remainder when n*(-3)/(-30)*35 is divided by 5.
4
Let f(n) = n**2 - 7*n + 10. Let m be f(6). Let c(q) = 16*q**2 + 2*q + 1. What is the remainder when c(-1) is divided by ((m + -13)*1)/(-1)?
6
Let b = 283 - 158. Calculate the remainder when b is divided by 64.
61
What is the remainder when (-124)/(-2) + -12 + 11 + 2 is divided by 22?
19
Let z = 34 + -25. What is the remainder when 15 is divided by 80/9 + 1/z?
6
Let w = -6 + -5. Let t = w + 85. Suppose v + 3*k - 4 = 12, -4*v = 2*k - t. What is the remainder when 37 is divided by v?
18
Suppose 3*s + 2*w = 4*w + 179, 4*w - 313 = -5*s. Suppose -2*r = -5*d - 7, d + 11 = -0*r + r. Calculate the remainder when s is divided by r.
13
Suppose -x = -12 - 4. What is the remainder when 109 is divided by x?
13
Let n(c) = -c**3 + 9*c**2 - c + 5. Let i(j) = -38*j - 27. Calculate the remainder when n(7) is divided by i(-2).
47
Let u(h) = -h**2 - 9*h + 10. Suppose 4237 - 7284 = -147*y + 14299. What is the remainder when y is divided by u(-7)?
22
Suppose 2*q = -q + 3*g, 0 = -3*q - g + 20. Suppose -2*m + 6 = -q*l, 4*m + l - 2*l = 12. What is the remainder when 8 is divided by m?
2
Let c = 76 + 79. What is the remainder when c is divided by 43?
26
Let n(s) = -5*s - 1. Suppose 5*i - 7*i - 4 = 0. Calculate the remainder when n(i) is divided by 6.
3
Let h = 21 + -7. Suppose -12*u + h*u - 10 = 0. What is the remainder when 15 is divided by u?
0
Suppose -x - 16 = 3*x. Let k be (-4)/(-8)*x - -6. Suppose y - 165 = -k*y. What is the remainder when y is divided by 18?
15
Suppose 27*a + 144 = 31*a. Calculate the remainder when 141 is divided by a.
33
Let f(i) = 105*i**3 - 7*i**2 + 6*i. Calculate the remainder when f(1) is divided by 55.
49
Suppose -r = -4*j - 814, -r + 0*j = -j - 802. Suppose -263 + r = 5*u. Calculate the remainder when u is divided by 27.
26
Let k = -24 - -33. Suppose -k*n + 11*n = -28. Let h = n + 19. What is the remainder when 13 is divided by h?
3
Let q(r) = r**2 - 15*r - 98. What is the remainder when q(22) is divided by 24?
8
Let p be 3/((-6)/(-4)) + 9. Let r be 4/(-3) + (-72)/27. What is the remainder when 572/p + r/2 is divided by 17?
16
Let k(l) = 69*l + 1. Let q be k(1). Calculate the remainder when 2/4*52/2 is divided by 4/18 + q/9.
5
Suppose -3*m = 4*h + 2*m - 64, -2*m - 3 = -h. Let d(i) = 4*i - 17. What is the remainder when h/2*(1 - -1) is divided by d(5)?
2
Let y = -226 - -413. Suppose -3*l + 270 = 7*l. Calculate the remainder when y is divided by l.
25
Let j = 25 + -22. Suppose -53 + 20 = -c + 4*t, c - 29 = j*t. What is the remainder when 33 is divided by c?
16
Let q(j) = -j - 1. Let p(u) = -2*u - 2. Let y(f) = p(f) + 3*q(f). Suppose 5*r - 7*r - 12 = 0. Calculate the remainder when 48 is divided by y(r).
23
Suppose -2*r + 20 = -12. Let f = 30 - 16. What is the remainder when f + -12 - (-25 + -2*1) is divided by r?
13
Let s(d) = 5*d**2 + 3*d + 1. Let m be s(-2). Suppose -23 = -2*b + m. Suppose 3*t + 67 = 172. What is the remainder when t is divided by b?
16
Let d(z) = z**2 + 9*z + 18. Let o be d(-7). Suppose -a = o*r + 4*a - 18, -1 = r + 4*a. Calculate the remainder when 12 is divided by r.
5
Suppose 3*b + 5*c = 195, 0 = 4*b - 28*c + 25*c - 260. Calculate the remainder when 123 is divided by b.
58
Let z(b) = 0*b**3 + 6*b**2 + 0*b + b**3 - 6*b + 4 - 3. Calculate the remainder when 107 is divided by z(-6).
33
Suppose -3*m + 363 = r, 212 = r - 2*m - 131. Calculate the remainder when r is divided by 32.
31
Let n(q) = 3*q**2 - 32*q + 30. Calculate the remainder when n(16) is divided by 48.
46
Suppose -5*v - 7*d + 86 = -4*d, -3*v = -5*d - 72. Let c(m) = m**3 - 4*m**2 - 5*m + 7. What is the remainder when v is divided by c(5)?
5
Let f = 913 - 860. Calculate the remainder when f is divided by 8.
5
Suppose 2*l - 7*l = 260. Let q = l - -97. What is the remainder when q is divided by 7?
3
Let s = -67 + 125. Let q(c) = 3*c + 44. What is the remainder when s is divided by q(-8)?
18
Suppose 3*x - 5 = -2*q, -q - 4*x + 1 - 11 = 0. Calculate the remainder when 277 is divided by q.
7
Let s(z) = 8*z + 103. What is the remainder when 58 is divided by s(-12)?
2
Let y = 1633 - 1531. What is the remainder when y is divided by 44?
14
Let y = 17 - 14. Let o(f) = f**3 - y*f**2 - 3*f - 3 - 1 + f - f**2. Calculate the remainder when 20 is divided by o(5).
9
Suppose a - 420 = -4*a. Let k = 1140 + -1118. What is the remainder when a is divided by k?
18
Suppose 5*n - 6 = 3*u, 3*u - 38 + 14 = -5*n. Suppose -b + 7 = -3*j, n*b + j + j = 65. What is the remainder when b is divided by (22/(-4))/((-2)/4)?
8
Calculate the remainder when 4/3 - (-3925)/15 is divided by 33.
32
Suppose 0 = 5*k - 2*p - 33, -k - p - 1 = -2. What is the remainder when 26 is divided by k?
1
Suppose -4*l = s + 483, 0*s = -4*s - 12. What is the remainder when (-4272)/l + (-6)/10 is divided by 12?
11
Let q = 10 + -7. Suppose k - 25 = -k - 3*t, 3 = -q*t. What is the remainder when 39 is divided by k?
11
Suppose 4*y - 224 = 2*w + 206, 2*y = 5*w + 203. What is the remainder when y is divided by (10/(-8))/((-3)/24)?
9
Calculate the remainder when 765 is divided by -8 + (-504)/45*-5.
45
Suppose -3*u + 2*u = 0. Suppose -5*f + 12 + 118 = u. Calculate the remainder when 101 is divided by f.
23
Let r = 10 + -12. What is the remainder when 111 is divided by 19/(2 + 1 + r)?
16
Let r be ((-2184)/98)/((-2)/14). Suppose 21*h = 9*h + r. Calculate the remainder when 90 is divided by h.
12
Suppose 5*q = 283 - 88. Let g(j) = -2*j**3 + 12*j**2 + j - 8. Let u be g(6). Calculate the remainder when q is divided by (4 - (8 - -3))/(1/u).
11
Let v(n) = 8*n - 40. Let k be v(6). Suppose -k = -4*i, -i + 1 - 17 = -2*h. Suppose -4*y = -3*y - 34. What is the remainder when y is divided by h?
7
Calculate the remainder when (850/105 - 8) + (-50268)/(-63) is divided by 47.
46
Let a(s) = -2*s**3 + 3*s**2 - 3*s - 21. Calculate the remainder when 344 is divided by a(-3).
68
Let a = 20 + -4. Suppose 556*o = 559*o - 375. Calculate the remainder when o is divided by a.
13
Suppose 2*v - 2*o = 30, 48 - 7 = 3*v - o. Let d(g) = 46*g**2 + 2*g - 1. Calculate the remainder when d(1) is divided by v.
8
Let x = -89 + 102. Calculate the remainder when x is divided by 3 + (1 - -1) + -2.
1
Suppose -5*c + 7*c - 4*z = 8, 2*c = -3*z - 13. Let g(x) = -3*x**2 - 2*x + 1. Let q be g(c). Let r = q + 13. Calculate the remainder when 21 is divided by r.
3
Suppose 3*x = 47 - 2. Let l = 21 - x. What is the remainder when 22 is divided by l?
4
Suppose -4*p + 12*p - 256 = 0. Let i be (-42)/4*(-4)/3. Let w = p - i. Calculate the remainder when 69 is divided by w.
15
Let b(o) = 22*o + 1. Suppose -20*g + 99 = -17*g. Suppose -5*c - 2*q + g = -q, 4*c + 3*q - 33 = 0. What is the remainder when b(1) is divided by c?
5
Suppose 108*t = 29*t + 5767. Calculate the remainder when t is divided by 19.
16
Suppose 3*a = -3*p + 183, -250 = -4*p - 6*a + 5*a. Let c = p + -53. Calculate the remainder when 24 is divided by c.
4
Let m be ((-10)/(-6) + -2)/(1/(-327)). Let c = -74 + m. What is the remainder when c is divided by 20?
15
Let t = 30 + -15. Calculate the remainder when 71 is divided by t.
11
Let m(y) = -y**3 + 9*y**2 - 9*y + 14. Calculate the remainder when 75 is divided by m(3).
34
Suppose 2*w + 2*v = -1 + 85, -2*w + 90 = 4*v. Calculate the remainder when 193 is divided by w.
37
Suppose 6*a - 80 = 5*a + 3*q, q = -7*a + 450. What is the remainder when 